d by 9?
7
Calculate the remainder when 184 is divided by 32.
24
What is the remainder when 304 is divided by 34?
32
Calculate the remainder when 6399 is divided by 15.
9
What is the remainder when 560 is divided by 23?
8
What is the remainder when 1517 is divided by 89?
4
What is the remainder when 477 is divided by 11?
4
Calculate the remainder when 88 is divided by 18.
16
What is the remainder when 225 is divided by 6?
3
What is the remainder when 485 is divided by 81?
80
What is the remainder when 2587 is divided by 198?
13
What is the remainder when 7736 is divided by 36?
32
Calculate the remainder when 113 is divided by 55.
3
Calculate the remainder when 3157 is divided by 102.
97
Calculate the remainder when 326 is divided by 83.
77
Calculate the remainder when 133 is divided by 71.
62
What is the remainder when 515 is divided by 75?
65
Calculate the remainder when 120 is divided by 38.
6
What is the remainder when 59 is divided by 42?
17
What is the remainder when 22571 is divided by 34?
29
What is the remainder when 51 is divided by 34?
17
Calculate the remainder when 221 is divided by 117.
104
What is the remainder when 17326 is divided by 24?
22
Calculate the remainder when 336 is divided by 13.
11
What is the remainder when 6971 is divided by 12?
11
What is the remainder when 19955 is divided by 12?
11
What is the remainder when 95 is divided by 52?
43
What is the remainder when 6956 is divided by 40?
36
Calculate the remainder when 149 is divided by 41.
26
What is the remainder when 10578 is divided by 149?
148
Calculate the remainder when 1114 is divided by 71.
49
Calculate the remainder when 160 is divided by 54.
52
Calculate the remainder when 249 is divided by 28.
25
What is the remainder when 3903 is divided by 63?
60
What is the remainder when 95 is divided by 45?
5
What is the remainder when 4102 is divided by 49?
35
What is the remainder when 152 is divided by 46?
14
What is the remainder when 173 is divided by 59?
55
Calculate the remainder when 384 is divided by 13.
7
Calculate the remainder when 165 is divided by 29.
20
What is the remainder when 174 is divided by 45?
39
What is the remainder when 1910 is divided by 190?
10
What is the remainder when 2018 is divided by 88?
82
Calculate the remainder when 477 is divided by 22.
15
What is the remainder when 860 is divided by 429?
2
Calculate the remainder when 61 is divided by 22.
17
Calculate the remainder when 350 is divided by 89.
83
Calculate the remainder when 1462 is divided by 59.
46
Calculate the remainder when 2918 is divided by 20.
18
Calculate the remainder when 26 is divided by 25.
1
What is the remainder when 416 is divided by 42?
38
What is the remainder when 594 is divided by 198?
0
What is the remainder when 2744 is divided by 456?
8
What is the remainder when 124 is divided by 12?
4
What is the remainder when 329 is divided by 83?
80
Calculate the remainder when 385 is divided by 370.
15
What is the remainder when 371 is divided by 96?
83
Calculate the remainder when 210 is divided by 43.
38
Calculate the remainder when 836 is divided by 168.
164
What is the remainder when 1247 is divided by 181?
161
What is the remainder when 1846 is divided by 378?
334
What is the remainder when 240 is divided by 43?
25
Calculate the remainder when 375 is divided by 47.
46
What is the remainder when 250 is divided by 44?
30
What is the remainder when 20 is divided by 12?
8
Calculate the remainder when 138 is divided by 24.
18
What is the remainder when 108 is divided by 60?
48
What is the remainder when 109 is divided by 52?
5
What is the remainder when 366 is divided by 144?
78
Calculate the remainder when 324 is divided by 132.
60
Calculate the remainder when 394 is divided by 231.
163
What is the remainder when 166 is divided by 126?
40
Calculate the remainder when 772 is divided by 159.
136
What is the remainder when 2342 is divided by 42?
32
Calculate the remainder when 4357 is divided by 32.
5
Calculate the remainder when 112 is divided by 19.
17
Calculate the remainder when 234 is divided by 35.
24
What is the remainder when 98 is divided by 33?
32
Calculate the remainder when 390 is divided by 18.
12
What is the remainder when 200 is divided by 51?
47
What is the remainder when 1111 is divided by 188?
171
What is the remainder when 2141 is divided by 82?
9
Calculate the remainder when 5585 is divided by 81.
77
Calculate the remainder when 2795 is divided by 350.
345
What is the remainder when 54 is divided by 6?
0
Calculate the remainder when 940 is divided by 240.
220
What is the remainder when 881 is divided by 74?
67
Calculate the remainder when 38 is divided by 7.
3
Calculate the remainder when 894 is divided by 112.
110
What is the remainder when 89 is divided by 19?
13
What is the remainder when 1663 is divided by 152?
143
Calculate the remainder when 1223 is divided by 18.
17
Calculate the remainder when 818 is divided by 9.
8
Calculate the remainder when 940 is divided by 454.
32
Calculate the remainder when 1332 is divided by 266.
2
What is the remainder when 83 is divided by 55?
28
Calculate the remainder when 181 is divided by 19.
10
Calculate the remainder when 337 is divided by 75.
37
What is the remainder when 2622 is divided by 94?
84
What is the remainder when 83 is divided by 48?
35
What is the remainder when 678 is divided by 166?
14
Calculate the remainder when 1631 is divided by 19.
16
Calculate the remainder when 115 is divided by 20.
15
Calculate the remainder when 430 is divided by 16.
14
Calculate the remainder when 899 is divided by 449.
1
What is the remainder when 801 is divided by 67?
64
Calculate the remainder when 7069 is divided by 136.
133
Calculate the remainder when 392 is divided by 105.
77
What is the remainder when 166 is divided by 85?
81
What is the remainder when 220 is divided by 64?
28
Calculate the remainder when 817 is divided by 39.
37
Calculate the remainder when 153 is divided by 13.
10
Calculate the remainder when 228 is divided by 31.
11
What is the remainder when 89342 is divided by 64?
62
What is the remainder when 321 is divided by 48?
33
Calculate the remainder when 659 is divided by 311.
37
What is the remainder when 454 is divided by 121?
91
Calculate the remainder when 217 is divided by 58.
43
Calculate the remainder when 237 is divided by 66.
39
What is the remainder when 1784 is divided by 357?
356
What is the remainder when 54 is divided by 11?
10
What is the remainder when 811 is divided by 11?
8
Calculate the remainder when 95 is divided by 40.
15
Calculate the remainder when 155 is divided by 73.
9
What is the remainder when 851 is divided by 245?
116
What is the remainder when 220 is divided by 125?
95
Calculate the remainder when 24333 is divided by 26.
23
Calculate the remainder when 1167 is divided by 65.
62
What is the remainder when 15014 is divided by 105?
104
Calculate the remainder when 21 is divided by 13.
8
Calculate the remainder when 27 is divided by 14.
13
What is the remainder when 276 is divided by 84?
24
What is the remainder when 282 is divided by 86?
24
Calculate the remainder when 45 is divided by 33.
12
What is the remainder when 2106 is divided by 33?
27
What is the remainder when 606 is divided by 299?
8
Calculate the remainder when 275 is divided by 40.
35
What is the remainder when 1702 is divided by 70?
22
Calculate the remainder when 211 is divided by 210.
1
Calculate the remainder when 140 is divided by 19.
7
Calculate the remainder when 2828 is divided by 105.
98
Calculate the remainder when 311 is divided by 78.
77
Calculate the remainder when 3697 is divided by 43.
42
What is the remainder when 95 is divided by 26?
17
Calculate the remainder when 775 is divided by 21.
19
Calculate the remainder when 186 is divided by 69.
48
Calculate the remainder when 1338 is divided by 32.
26
Calculate the remainder when 2427 is divided by 152.
147
Calculate the remainder when 74 is divided by 36.
2
What is the remainder when 3441 is divided by 1147?
0
Calculate the remainder when 729 is divided by 110.
69
What is the remainder when 837 is divided by 24?
21
What is the remainder when 80 is divided by 29?
22
What is the remainder when 10597 is divided by 53?
50
What is the remainder